95 = t*a - 225. Calculate the highest common divisor of a and 16.
16
Suppose -2003*z + 2000*z + 1779 = -3*d, 3*z - 1755 = -5*d. What is the highest common divisor of 30 and z?
10
Suppose -5 = -u + 4*x - 33, -3*x = -2*u - 31. Let z = u + 27. Let f be -111*(-1)/3 - -1. Calculate the greatest common divisor of z and f.
19
Let d = -30 - -28. Let r be ((-3)/(-10))/((-2)/8)*-60. Let z be ((-126)/r)/(d/8). Calculate the greatest common divisor of z and 1.
1
Let y(k) = -k + 12. Let x be y(13). Let s be -3 + 0/x - -19. Suppose 2*z = -2*f + 4, 2*z - 3*f - s = -f. What is the greatest common factor of 55 and z?
5
Let l be (1989/(-156))/(3/(-8)) - 8. Calculate the highest common divisor of 715 and l.
13
Let c = -2469 + 3421. Calculate the greatest common factor of 56 and c.
56
Suppose -2376 = -3*v + 5*o, -39*v + 3*o + 3960 = -34*v. Calculate the highest common divisor of v and 1728.
72
Let x(o) be the first derivative of -1/2*o**2 - 1/4*o**4 - 8*o - 5/3*o**3 + 15. Let w be x(-6). Calculate the greatest common factor of w and 51.
17
Suppose 63*u + 8 = 67*u. Suppose 0 = u*k - 197 + 45. What is the highest common factor of 38 and k?
38
Let h be (-2 - 0) + 7590/11 + 8. Calculate the highest common factor of h and 609.
87
Let h = -117 - -122. Suppose 0 = 3*z - h*d + 2*d - 27, 2*z - 13 = -3*d. What is the highest common factor of z and 40?
8
Let o be 76 - 4/8*8. Let z = o - 42. Let a = 63 - z. What is the greatest common divisor of a and 3?
3
Suppose 0 = -636*j + 326*j + 328*j - 8154. What is the highest common divisor of 9 and j?
3
Let l(a) = -a**3 - 16*a**2 + 80*a + 922. Let q be l(-18). What is the highest common factor of q and 21190?
130
Let d(l) = l**2 - l + 1. Let m be d(4). Suppose 883 = v + 4*n, 0 = 2*v - 2*n - 825 - 911. What is the highest common divisor of v and m?
13
Suppose -8*f + 2*f = -f. Suppose 4*v + 21 - 57 = f. Suppose 0 = -5*c + 2*c + v, 5*y = -5*c + 200. What is the greatest common factor of y and 37?
37
Suppose t = -g - 57 + 9, 5*t = g - 240. Let h be ((-2)/(-1))/(3/t). Let k be (h/12)/(3/(-36)). What is the greatest common divisor of k and 192?
32
Let u be 145620/360 + (-10)/(-4). Let b be 22*5/(-50)*-5. What is the highest common divisor of b and u?
11
Suppose 5*z - 13 = -8*z + 130. Let s = 55 + 55. Calculate the greatest common factor of z and s.
11
Suppose 0 = -0*m + 4*m - 2604. Suppose m = 2*c + c. Suppose -a - 1975 = -2006. What is the greatest common divisor of c and a?
31
Let a = 4110 - 2931. Calculate the greatest common factor of a and 9.
9
Suppose 4*j - 9612 = -8*j. What is the greatest common divisor of j and 9?
9
Let g be 8 - 5 - (0 + -47). Let d(l) = l**3 + 7*l**2 - 99*l + 17. Let w be d(7). Calculate the greatest common factor of g and w.
10
Let q be (7/21 - (-152)/84)/(1/7). What is the greatest common divisor of 16 and q?
1
Let b be (0 - 40)*(-10)/(-25). Let d be (84/b)/((-1)/4). Let w be -6*(7/(-2) + 3). What is the greatest common divisor of d and w?
3
Let o(d) = 2*d**3 - 27*d**2 + 14*d - 16. Let r be o(13). Let b(q) = -6*q - 7. Let y be b(r). Let u = -2 - -13. What is the highest common factor of y and u?
11
Let a(o) = 24*o**2 + 8*o + 55. Let l be a(-6). What is the greatest common divisor of l and 65?
13
Suppose 0 = 3*o + 64*o + 17688. Let z(x) = x**3 - 1. Let i be z(-1). Let c be (o/(-55))/(i/(-5)). What is the greatest common divisor of c and 132?
12
Suppose 23400 = 19*o + 4*o + 3*o. What is the greatest common factor of o and 3420?
180
Let g(t) = -t**3 + 12*t**2 - 18*t + 4. Let u be g(10). Let h = u + -4. What is the highest common factor of 60 and h?
20
Suppose -9*j = -63256 - 70241. Calculate the highest common factor of j and 91.
91
Let s(l) = 6*l**3 + l**2 + 14*l + 13. Let k be s(-1). Let d be (11/3 + k)*-24. What is the highest common factor of 24 and d?
8
Let y = -39 - -75. Let a(v) = 4*v + 56. Let h be a(13). Calculate the greatest common divisor of h and y.
36
Let z = -104 - -116. Let w be (0 + (-12)/7)/((-40)/1260). Calculate the highest common divisor of z and w.
6
Suppose -u + 5*f = -2*u + 28, 2*u = -4*f + 56. Let c(j) = 8*j**2 - 13*j + 63. Let m be c(7). Calculate the highest common divisor of m and u.
28
Suppose 4*r + 5*n - 612 = n, -n - 627 = -4*r. Let o be 2/((5 - 0)/5*2). Let z be (o - 13/1)*(-110 - -109). Calculate the greatest common divisor of z and r.
12
Suppose -3*u = -2*u - 18. Let h be u + 2*(-3 - -1). Let b be 4 + h + -4 + 2. What is the greatest common divisor of 4 and b?
4
Let x(p) = -p**2 + 5*p + 5. Let h be x(6). Let i be 4 + (3 - h)/4. Suppose t + 8 = i*t + k, k = 2*t - 4. What is the greatest common factor of t and 8?
2
Let o be (-1 - -3) + (9 - 5 - 4). Let v(k) = k**3 + 5*k**2 - 6*k. Let g be v(o). Let c = 197 - 141. What is the highest common factor of c and g?
8
Let u be (522/(-45))/(-1) - (-2)/5. Suppose 0 = -4*d + r + 20, d + u*r = 7*r + 5. Let t = -43 + 63. Calculate the greatest common divisor of d and t.
5
Let m(d) = 21 + 5 + 14 + 4*d. Let f be m(-9). Suppose f*p + 214 = 5*s, -3*p = -5*s + 19 + 194. Calculate the greatest common divisor of s and 6.
6
Let u = -5389 - -5543. Calculate the greatest common factor of u and 2849.
77
Let s(y) = -34*y**2 + 79*y**2 + y**3 - 33*y**2 + 15 + 13*y. Let h be s(-9). Let m = h + -127. What is the greatest common divisor of m and 2?
2
Suppose 1356 = -9*s - 2442. Let n = -22 - s. Calculate the highest common divisor of n and 16.
16
Let t(o) = o**2 - 306*o + 210. Let d be t(0). Calculate the highest common divisor of d and 1190.
70
Let l = -4 + 0. Suppose -5*n - 5*q + 7 = -43, 4*q - 16 = 0. Let b be n/(6/l + 3). Calculate the highest common divisor of 32 and b.
4
Let k be ((-9)/(-6))/((-12)/(-11392)). Let q = 25636 - 25628. Calculate the highest common factor of k and q.
8
Let p be 255/102 - ((-2)/(-4) + 0). Suppose 0 = w - 4*w + p*u + 245, -415 = -5*w + 2*u. Let z = 87 - w. What is the highest common factor of z and 18?
2
Suppose 3*u + 5*d + 129 = 0, -3*u = 6*d - 3*d + 135. Let h = u + 68. Calculate the greatest common factor of 30 and h.
10
Let q be 6676/7 + (-96)/(-336). What is the greatest common factor of q and 1166?
106
Let c(i) = -3*i**2 - 7*i + 2. Let k be c(0). Suppose 4*l = 3*a - 3213, 0 = k*a - l - 4*l - 2135. What is the greatest common factor of a and 43?
43
Let f = 19 + -7. Let y(m) = -34 + 11*m - 2*m**2 - 26*m + 46. Let q be y(-8). What is the highest common factor of f and q?
4
Let q(o) = 3196*o**2 - 4 + 3*o - 3201*o**2 - 3*o**3 + o**3 + 5*o**3. Let w be q(2). Calculate the highest common factor of w and 54.
6
Suppose -33*z = 83*z - 696. Suppose -2*x = -358 + 44. Let y = x + -91. What is the greatest common factor of z and y?
6
Let k(q) = 26*q - 6. Let d be k(3). Let h be (49/14)/(3/d). Suppose 90*s - 3174 = 606. Calculate the greatest common factor of s and h.
42
Suppose 10*r = -59 - 151. Let p be (-8)/(-28) - 9990/r. What is the greatest common factor of p and 34?
34
Let f be 630/75*15/(-6). Let w(t) = -t**3 - 22*t**2 - 24*t - 47. Let p be w(f). Calculate the greatest common factor of 4 and p.
4
Let o be -7 - 1 - 76*(2709/(-14) + 7). What is the greatest common divisor of o and 72?
18
Let j be (2 - -12*(-3)/6)*-38. Suppose 6*g = 5*g - 2*y + j, 3*g = -5*y + 460. What is the greatest common divisor of g and 40?
40
Let s(j) = 6*j**2 - 2. Let m be s(2). Suppose 19*d = m*d - 18. Suppose -3*v + 567 = d*v. Calculate the greatest common factor of v and 9.
9
Let p(g) = 66*g - 1526. Let s be p(24). Calculate the greatest common divisor of 5713 and s.
29
Let m(i) = -i**2 + 13*i + 72. Let o be m(16). Let g be 5/((-10)/(-4)) - -4. Let w be (6 + -11)*(g/(-10))/1. What is the greatest common divisor of w and o?
3
Let s = 655 - 105. Suppose -42*z - s = -53*z. Calculate the highest common factor of 125 and z.
25
Let t(h) = -2*h**3 - 97*h**2 - 544*h + 98. Let k be t(-42). Let p be (-13)/1*(-2 + 0). Let a = p - 12. What is the greatest common divisor of k and a?
14
Suppose 3*o + 3*f = 66, -2*f = -19 + 17. Calculate the greatest common divisor of 532 and o.
7
Suppose -35*m = -70*m + 8225. What is the greatest common divisor of 20 and m?
5
Let b(p) = 100*p + 2170. Let r be b(-14). Calculate the greatest common factor of 440 and r.
110
Suppose -51*r - 416 = -53*r. Let k be 4*((-7)/2 - -1). Let y be 39/1*k/(-15). What is the highest common divis